*x - x. Let q be g(1). Let r(v) be the third derivative of v**6/120 - v**5/15 - 5*v**4/24 - v**3/2 - 5*v**2. Give r(q).
-3
Suppose 0 = 10*w - w + 45. Let n(h) = -h + 4. Calculate n(w).
9
Let l(j) = -8*j**2 + j + 1. Suppose 5*q + 9 = -2*k, -2*q - 18 = k + k. Let z(h) be the second derivative of h**3/6 + 11*h**2/2 + 29*h. Let s be z(k). Give l(s).
-8
Let u(z) be the first derivative of -z**2/2 + 2*z + 2. Let t be 40/14 + ((-12)/(-28))/3. Let f be u(t). Let l(g) = 9*g**3 - g**2 + g + 1. Give l(f).
-10
Let v(c) = -c**3 - 6*c**2 - 6*c + 1. Let r(w) = w + 11. Let o be r(-17). Let a be (-2)/12 - (-29)/o. Give v(a).
6
Let j(o) = -8*o - 247 + 4*o - 5*o**2 + 121 + 126 - o**3. Calculate j(-3).
-6
Let g(t) be the second derivative of t**7/2520 - t**6/720 - t**5/24 + 2*t**4 + 4*t. Let c(q) be the third derivative of g(q). Determine c(0).
-5
Let z(o) be the third derivative of o**4/8 + 2*o**3/3 - 217*o**2. Determine z(-5).
-11
Let f(h) be the first derivative of -5*h**2/2 - 4*h + 9. Let u be -8 + ((-152)/95)/(4/(-10)). Calculate f(u).
16
Let b(y) be the second derivative of y**4/12 - 3*y**2/2 - 1217*y. Let f be ((-4)/10)/((-2)/(-20)). What is b(f)?
13
Let i(h) = h**3 - 3*h**2 - 6*h + 4. Suppose 0*j + 4*x - 22 = -2*j, 0 = -5*j - 3*x + 48. Suppose j = r + 37. Let a be (-18)/(-21)*r/(-6). Calculate i(a).
-4
Let k(v) = 7 - 3*v**2 + 8 + 26*v - v**3 - 28*v - 11. Calculate k(-4).
28
Let n(q) = 2*q - 20. Suppose 0 = -56*f + 33*f + 161. Give n(f).
-6
Let y(h) = -h**3 + 6*h**2 - 4*h - 8. Suppose 41*f - 3*f - 190 = 0. Calculate y(f).
-3
Let a(s) = -2*s**2 + 7*s + 4. Let k(b) be the second derivative of -3*b - 1/2*b**2 + 1/6*b**3 - 1/12*b**4 + 0. Let d(m) = -a(m) + k(m). Give d(5).
-10
Suppose -8 = 3*v - 7*v. Let p be (v - 2)*11/(-44). Let g(d) = d - 3. Calculate g(p).
-3
Let s(q) = -q - 12. Let v be s(-8). Let d(r) = 3*r**3 + 2 - 6 + r**3 - 5*r**3 + r - 3*r**2. Determine d(v).
8
Let c(z) be the first derivative of -z + z**2 - 24 + 5/4*z**4 - 2/3*z**3. Let w(l) = -l**3 + l**2 - l + 1. Let x be w(0). What is c(x)?
4
Let p(d) = 5*d**2 - d + 1. Suppose -12*m = -2*f - 15*m, -5*f - 21 = -3*m. Give p(f).
49
Let r(t) = -t**2 + t + 4. Let i be r(0). Let d be 26/6 - 3 - 2/(-3). Let o(y) = 7 - 4 + d + y + 0*y. Determine o(i).
9
Let y(f) = -f**3 - 9*f**2 + 9*f - 8. Let t be y(-10). Let i(v) = t - v - 3*v + 5*v. Calculate i(-3).
-1
Let o(d) = 3*d**2 - 13*d - 1. Let h(g) = -48*g + 726. Let u be h(15). Calculate o(u).
29
Let q(k) = -271*k - 15 + 275*k + k**2 - 2. What is q(-7)?
4
Let h(p) be the second derivative of p**6/360 - 3*p**5/40 + p**4/4 - 2*p**3 - 12*p. Let n(x) be the second derivative of h(x). Determine n(6).
-12
Suppose 0 = 32*c - 27*c + 25. Let k(p) = 7*p**2 + 3*p - 3. Let x(l) = -4*l**2 - 2*l + 1. Let b(d) = -3*k(d) - 5*x(d). Determine b(c).
-26
Suppose 0*x = -5*x - 4*l - 55, 2*l - 33 = 3*x. Let g = x + 4. Let o(s) = -s**2 - 4*s + 10. What is o(g)?
-11
Let r(p) = 1. Let a(s) = 9*s - 6. Let y(u) = -a(u) - 9*r(u). Suppose -8*x + 1257 - 377 = 0. Let j = 108 - x. What is y(j)?
15
Let w(a) be the second derivative of -a**4/12 + a**2/2 - 471*a. What is w(1)?
0
Let v(s) = 7*s + 28. Let l(y) = 10*y + 76. Let c be l(-8). What is v(c)?
0
Let x(h) = -22*h + 3. Let g be ((-2)/(-4))/((-6)/24). Give x(g).
47
Let o be (18/(-4))/(-9 - 234/(-24)). Let w(s) = -s**3 - 8*s**2 - s - 5. Let q(c) = -4*c**3 - 33*c**2 - 3*c - 19. Let m(p) = 2*q(p) - 9*w(p). Determine m(o).
-11
Let o(m) be the first derivative of m**5/10 + m**4/12 - m**3/2 - 3*m**2/2 - 15*m + 20. Let a(j) be the first derivative of o(j). Give a(-2).
-9
Let i(t) = 2*t - 6. Suppose 26*y = 28*y - 12. Suppose y*q - 7*q = -5. Give i(q).
4
Let f(t) = -11*t**2 - 14*t. Let u(b) = 9*b**2 + 13*b. Let i(d) = 4*f(d) + 5*u(d). Let g = 13 - 20. Give i(g).
-14
Let t(j) = -10*j**2 + 7*j - 20. Let l(z) = -4*z**2 + 2*z - 7. Let r(y) = -8*l(y) + 3*t(y). Give r(-4).
8
Let p be 66/(-4)*(-8)/(-6). Let c = p + 16. Let o(m) be the third derivative of m**4/24 + m**3/2 - 370*m**2. Give o(c).
-3
Let i be (4/3)/((-6)/9). Let v(u) = -u**3 - u**2 + 2*u + 2. Let h(q) = q**3 + q**2 - q - 1. Let l(m) = 6*h(m) + 4*v(m). What is l(i)?
-10
Suppose -5*g = 26*k - 27*k - 17, -5*k - 4*g + 60 = 0. Let d(v) = v**2 - 5*v - 6. Give d(k).
18
Let n(o) = 6*o - 1. Let a(d) = d**2 - 39*d + 79. Let h be a(37). Calculate n(h).
29
Let u(f) = 2*f**3 - f + 1. Let h(n) be the third derivative of n**5/60 - 4*n**2. Let y be h(0). Suppose y = -4*l + 5*z - 6, -2*l + 0 + 4 = z. What is u(l)?
2
Let n(f) = -6 - 2*f - f**3 + 2 + 11*f - 6*f**2. Suppose 5*l - 2 + 37 = 0. Determine n(l).
-18
Let z(x) = -1 - 2*x**2 - 6 + 6*x**2 + 4*x + 1. Let h(b) = 3*b**2 + 4*b - 5. Let y(w) = -5*h(w) + 4*z(w). Calculate y(3).
-2
Suppose 35 = 5*c + 5*w, -3*c = -0*c - 5*w - 61. Suppose 15*o = c*o. Suppose o = -j + 2*j. Let f(i) = i**2 - 4. What is f(j)?
-4
Let m(x) = -x**3 - 5*x**2 - 5*x - 26. Let k be m(-5). Let n(u) = -16*u**2 - 2*u + 1. Give n(k).
-13
Let t(h) be the second derivative of h**4/12 - 2*h**3/3 - 5*h**2/2 - 6*h. Suppose 2*o - 7 = 3*l + 11, 4*l + 20 = 2*o. Determine t(o).
7
Let w(i) = i**3 + 9*i**2 - 9*i + 13. Suppose 0 = -7*b - 15 - 55. Determine w(b).
3
Let j(l) = -5*l**2 - 17*l + 4. Let n(t) = t**2 + 2*t - 2. Let d(k) = -j(k) - 6*n(k). What is d(7)?
-6
Let o(x) = x - 4. Suppose -3*r - 3*y = 2*y - 10, 26 = r - 4*y. What is o(r)?
6
Let w(i) = i**3 + 60*i**2 - 189*i + 10. Let z be w(-63). Let b(v) = 5*v - 52. Determine b(z).
-2
Suppose 84 = 22*j + 18. Let t(y) be the first derivative of -1/3*y**j + 4 - 2*y - 1/2*y**2. Give t(-3).
-8
Let t(i) be the second derivative of i**4/12 + 3*i**3/2 + 5*i**2 - i. Let r = 37 - 44. Calculate t(r).
-4
Let c(v) = v**3 + 2*v**2. Let z = 11 + -33. Let a = -10 - z. Let j(h) = -h**2 + 13*h - 15. Let g be j(a). What is c(g)?
-9
Let t(a) = 2 + 2*a + 0*a - 3. Let p be 5*(-1 + -5)*40/(-240). Determine t(p).
9
Let h(n) = n - 1. Let a(f) = -f + 7. Let t(d) = -a(d) - 2*h(d). Suppose 5*q - 1 = b + 23, -5*q + 4 = 4*b. Calculate t(b).
-1
Let j(b) = -2*b**2 + 6*b. Let h be j(10). Let o be (-4)/14 + 4/(h/165). Let l(d) = -d**3 - 6*d**2 - 3*d + 4. Determine l(o).
-6
Let r(x) be the third derivative of -5/6*x**3 - 1/120*x**6 + 3*x**2 + 1/12*x**5 + 0 + 1/8*x**4 + 0*x. Determine r(5).
10
Let c(d) = -d - 1. Let g = 118 - 25. Let r = -89 + g. Determine c(r).
-5
Let o(d) be the second derivative of 0 - 1/2*d**2 + 1/6*d**4 + 33*d + 5/6*d**3. Calculate o(-4).
11
Let b(r) = 13*r**2 - 3*r + 3. Let i(w) = 12*w**2 - 2*w + 4. Let h(g) = -2*b(g) + 3*i(g). Let f(s) be the first derivative of h(s). Give f(1).
20
Let i = 106 + -103. Let y(h) = -316*h + i*h**2 - 2 + 327*h - 2*h**2. Calculate y(-11).
-2
Let n = 2 + 24. Suppose 0*r - 3*f + n = 4*r, 0 = 2*r + 5*f - 20. Let z(v) = -v**2 + 6*v - 2. What is z(r)?
3
Let f(j) be the third derivative of j**4/24 + j**3 + 20*j**2. Calculate f(-10).
-4
Suppose 2*l + 3*l - 30 = 0. Let b(s) = -l*s**3 - 7*s**3 + 14*s**3 + 2. Suppose 0 = -4*r + 5*f - 20, -2*r - 3*f + 4 = -2*f. What is b(r)?
2
Let j(g) = 3*g + 1. Suppose -3*h + 14 = p, 3*p - 5*p + 4*h - 12 = 0. Suppose -4*m = p*m. Suppose z = -y - z + 12, 3*y - 5*z + 19 = m. Give j(y).
7
Let z = 7 - 11. Let n(o) = 3*o**3 + 14*o**2 + 12*o + 8. Let s be n(-5). Let t be (z/(-7))/((-22)/s). Let y(c) = -2*c + 2. Determine y(t).
-2
Let a(v) be the third derivative of 0 - 13*v**2 - 7/12*v**4 + 1/6*v**3 + 0*v. Determine a(1).
-13
Let j be (27 - (-3 + 3)) + (5 - 7). Let n = j + -22. Let a(m) be the first derivative of m**3/3 - m**2 + m - 1. Give a(n).
4
Let m(r) = 5*r - 8. Let f(s) = 2*s - 2. Let y(p) = -3*f(p) + m(p). Let i = 0 + -2. Give y(i).
0
Let f(i) = -i**2 - 8*i - 2. Let n be f(-8). Let r(y) = -104*y**3 + 2 + 0*y**2 + 46*y**3 - 3*y**2 + 57*y**3. What is r(n)?
-2
Let k(u) = -u**3 + u**2 - 1. Suppose 0 = t + 2, -5*t + 2 = 3*n - 3*t. Suppose 0 + 2 = n*z. Let v be 72/32 + z/(-4). Give k(v).
-5
Let w(z) = z + 3*z - z**2 + 0*z - 2. Let t(b) = b. Let s(o) = -3*t(o) + w(o). Let i = 2340 + -2342. Give s(i).
-8
Let o be 682/(-132) - 4/(-24). Let c(a) be the first derivative of 4/3*a**3 + 2*a - 3*a**2 + 1/4*a**4 + 2. What is c(o)?
7
Let w(m) = -m**2 + 7*m - 3. Let v be w(4). Let l(d) = -d**2 + 11*d - 19. Calculate l(v).
-1
Suppose 0 = 2*i + g - 35, -52 = -4*i + i - g. Let u = 11 - i. Let k(d) = d**2 + 5*d - 8. Give k(u)